{"id":232,"date":"2024-11-14T10:36:49","date_gmt":"2024-11-14T10:36:49","guid":{"rendered":"http:\/\/www.uusinakyma.fi\/?page_id=232"},"modified":"2025-08-02T11:08:04","modified_gmt":"2025-08-02T11:08:04","slug":"walkinit","status":"publish","type":"page","link":"https:\/\/www.uusinakyma.fi\/index.php\/walkinit\/","title":{"rendered":"Walk init"},"content":{"rendered":"<p>[et_pb_section fb_built=&#8221;1&#8243; admin_label=&#8221;Features&#8221; _builder_version=&#8221;4.22.1&#8243; _module_preset=&#8221;default&#8221; collapsed=&#8221;on&#8221; global_colors_info=&#8221;{}&#8221;][et_pb_row _builder_version=&#8221;4.23.2&#8243; _module_preset=&#8221;default&#8221; global_colors_info=&#8221;{}&#8221;][et_pb_column type=&#8221;4_4&#8243; _builder_version=&#8221;4.22.1&#8243; _module_preset=&#8221;default&#8221; global_colors_info=&#8221;{}&#8221;][et_pb_text _builder_version=&#8221;4.22.1&#8243; _module_preset=&#8221;1aa29e56-0d61-4d42-b1da-f6d87d23ed56&#8243; locked=&#8221;off&#8221; global_colors_info=&#8221;{}&#8221;]<\/p>\n<h1>Walk init<\/h1>\n<p>[\/et_pb_text][\/et_pb_column][\/et_pb_row][et_pb_row column_structure=&#8221;3_5,2_5&#8243; _builder_version=&#8221;4.22.1&#8243; _module_preset=&#8221;default&#8221; global_colors_info=&#8221;{}&#8221;][et_pb_column type=&#8221;3_5&#8243; _builder_version=&#8221;4.22.1&#8243; _module_preset=&#8221;default&#8221; global_colors_info=&#8221;{}&#8221;][et_pb_text _builder_version=&#8221;4.25.2&#8243; _module_preset=&#8221;85a41120-5b65-444b-b776-5f49421e51b5&#8243; inline_fonts=&#8221;Alegreya Sans SC&#8221; global_colors_info=&#8221;{}&#8221;]<\/p>\n<p>Walk in -p\u00e4ivin\u00e4 tarjolla single sessioneja eli kertaterapiaa. Single session -terapian vaikuttavuudesta on jo maailmalla tehty useita tutkimuksia, jotka tukevat huomioita siit\u00e4, ett\u00e4 todellakin: <span style=\"font-family: Aboreto; font-size: x-large;\"><strong><span style=\"font-family: 'Alegreya Sans SC';\">yksi kerta usein riitt\u00e4\u00e4.<\/span><\/strong><\/span><\/p>\n<p>K\u00e4yt\u00e4n kertaterapiassa huolellisesti valittuja t\u00e4sm\u00e4kysymyksi\u00e4 ja menetelmi\u00e4, joiden tarkoituksena on her\u00e4tt\u00e4\u00e4 ihmisen omat selviytymiskeinot k\u00e4ytt\u00f6\u00f6n. Walk in -ajalta l\u00e4htiess\u00e4 tyypillisesti olo on heti hieman kevyempi ja toiveikkaampi, vaikka varsinainen muutos on vasta p\u00e4\u00e4ssyt liikkeelle ja l\u00e4htee toteutumaan tulevien p\u00e4ivien ja viikkojen aikana.<\/p>\n<p>[\/et_pb_text][\/et_pb_column][et_pb_column type=&#8221;2_5&#8243; _builder_version=&#8221;4.22.1&#8243; _module_preset=&#8221;default&#8221; global_colors_info=&#8221;{}&#8221;][et_pb_blurb use_icon=&#8221;on&#8221; font_icon=&#8221;&#xf00c;||fa||900&#8243; _builder_version=&#8221;4.27.3&#8243; _module_preset=&#8221;06663f0b-f1d2-4224-ab58-abb0ff0cb1c9&#8243; custom_margin=&#8221;||10px||false|false&#8221; locked=&#8221;off&#8221; global_colors_info=&#8221;{}&#8221;]<\/p>\n<p>Ajanvaraus etuk\u00e4teen tekstiviestitse etunimell\u00e4.<\/p>\n<p>[\/et_pb_blurb][et_pb_blurb use_icon=&#8221;on&#8221; font_icon=&#8221;&#xf00c;||fa||900&#8243; _builder_version=&#8221;4.27.2&#8243; _module_preset=&#8221;06663f0b-f1d2-4224-ab58-abb0ff0cb1c9&#8243; custom_margin=&#8221;||10px||false|false&#8221; locked=&#8221;off&#8221; global_colors_info=&#8221;{}&#8221;]<\/p>\n<p>Yksi tapaaminen kest\u00e4\u00e4 60 minuuttia.<\/p>\n<p>[\/et_pb_blurb][et_pb_blurb use_icon=&#8221;on&#8221; font_icon=&#8221;&#xf00c;||fa||900&#8243; _builder_version=&#8221;4.22.1&#8243; _module_preset=&#8221;06663f0b-f1d2-4224-ab58-abb0ff0cb1c9&#8243; custom_margin=&#8221;||10px||false|false&#8221; locked=&#8221;off&#8221; global_colors_info=&#8221;{}&#8221;]<\/p>\n<p>Ehdoton luottamuksellisuus. Tapaamisesta ei j\u00e4\u00e4 lainkaan kirjallista j\u00e4lke\u00e4.<\/p>\n<p>[\/et_pb_blurb][et_pb_blurb use_icon=&#8221;on&#8221; font_icon=&#8221;&#xf00c;||fa||900&#8243; _builder_version=&#8221;4.22.1&#8243; _module_preset=&#8221;06663f0b-f1d2-4224-ab58-abb0ff0cb1c9&#8243; custom_margin=&#8221;||10px||false|false&#8221; locked=&#8221;off&#8221; global_colors_info=&#8221;{}&#8221;]<\/p>\n<p>Voit tulla yksin tai esimerkiksi parin kanssa.<\/p>\n<p>[\/et_pb_blurb][et_pb_blurb use_icon=&#8221;on&#8221; font_icon=&#8221;&#xf00c;||fa||900&#8243; _builder_version=&#8221;4.25.2&#8243; _module_preset=&#8221;06663f0b-f1d2-4224-ab58-abb0ff0cb1c9&#8243; custom_margin=&#8221;||10px||false|false&#8221; locked=&#8221;off&#8221; global_colors_info=&#8221;{}&#8221;]<\/p>\n<p>Tarvittaessa neuvonta ja ohjaus lis\u00e4palveluihin.<\/p>\n<p>[\/et_pb_blurb][\/et_pb_column][\/et_pb_row][\/et_pb_section][et_pb_section fb_built=&#8221;1&#8243; admin_label=&#8221;Services&#8221; _builder_version=&#8221;4.22.1&#8243; _module_preset=&#8221;default&#8221; collapsed=&#8221;on&#8221; global_colors_info=&#8221;{}&#8221;][et_pb_row _builder_version=&#8221;4.22.1&#8243; _module_preset=&#8221;default&#8221; global_colors_info=&#8221;{}&#8221;][et_pb_column type=&#8221;4_4&#8243; _builder_version=&#8221;4.22.1&#8243; _module_preset=&#8221;default&#8221; global_colors_info=&#8221;{}&#8221;][et_pb_text _builder_version=&#8221;4.23.2&#8243; _module_preset=&#8221;50667064-cd15-4014-b19b-328db0bde9f0&#8243; text_orientation=&#8221;center&#8221; global_colors_info=&#8221;{}&#8221;]<\/p>\n<h2>mit\u00e4 odottaA?<\/h2>\n<p>[\/et_pb_text][\/et_pb_column][\/et_pb_row][et_pb_row column_structure=&#8221;1_3,1_3,1_3&#8243; _builder_version=&#8221;4.22.1&#8243; _module_preset=&#8221;default&#8221; locked=&#8221;off&#8221; global_colors_info=&#8221;{}&#8221;][et_pb_column type=&#8221;1_3&#8243; _builder_version=&#8221;4.22.1&#8243; _module_preset=&#8221;default&#8221; global_colors_info=&#8221;{}&#8221;][et_pb_blurb image_icon_background_color=&#8221;gcid-0a41bebc-0107-48f7-8173-6190cad71074&#8243; image=&#8221;http:\/\/www.uusinakyma.fi\/wp-content\/uploads\/2024\/06\/nakyma.png&#8221; _builder_version=&#8221;4.25.2&#8243; _module_preset=&#8221;9be96a6b-35b6-485f-8c85-fffd500998ff&#8221; custom_margin=&#8221;||0px||false|false&#8221; locked=&#8221;off&#8221; global_colors_info=&#8221;{%22gcid-0a41bebc-0107-48f7-8173-6190cad71074%22:%91%22image_icon_background_color%22%93}&#8221;][\/et_pb_blurb][et_pb_text _builder_version=&#8221;4.25.2&#8243; _module_preset=&#8221;2122b275-0e9c-4967-ba51-4b911a9489c4&#8243; text_orientation=&#8221;center&#8221; custom_margin=&#8221;||10px||false|false&#8221; global_colors_info=&#8221;{}&#8221;]<\/p>\n<h4>Oivalluksia<\/h4>\n<p>[\/et_pb_text][et_pb_text _builder_version=&#8221;4.22.1&#8243; _module_preset=&#8221;85a41120-5b65-444b-b776-5f49421e51b5&#8243; text_orientation=&#8221;center&#8221; global_colors_info=&#8221;{}&#8221;]<\/p>\n<p>K\u00e4sittelem\u00e4ll\u00e4 pulmaasi t\u00e4ysin uudella tavalla, saatat keksi\u00e4 t\u00e4ysin uusia ratkaisuja.<\/p>\n<p>[\/et_pb_text][\/et_pb_column][et_pb_column type=&#8221;1_3&#8243; _builder_version=&#8221;4.22.1&#8243; _module_preset=&#8221;default&#8221; global_colors_info=&#8221;{}&#8221;][et_pb_blurb image_icon_background_color=&#8221;gcid-0a41bebc-0107-48f7-8173-6190cad71074&#8243; image=&#8221;http:\/\/www.uusinakyma.fi\/wp-content\/uploads\/2024\/06\/idea.png&#8221; _builder_version=&#8221;4.25.2&#8243; _module_preset=&#8221;9be96a6b-35b6-485f-8c85-fffd500998ff&#8221; custom_margin=&#8221;||0px||false|false&#8221; locked=&#8221;off&#8221; global_colors_info=&#8221;{%22gcid-0a41bebc-0107-48f7-8173-6190cad71074%22:%91%22image_icon_background_color%22%93}&#8221;][\/et_pb_blurb][et_pb_text _builder_version=&#8221;4.22.1&#8243; _module_preset=&#8221;2122b275-0e9c-4967-ba51-4b911a9489c4&#8243; text_orientation=&#8221;center&#8221; custom_margin=&#8221;||10px||false|false&#8221; global_colors_info=&#8221;{}&#8221;]<\/p>\n<h4>uusia n\u00e4kymi\u00e4<\/h4>\n<p>[\/et_pb_text][et_pb_text _builder_version=&#8221;4.25.2&#8243; _module_preset=&#8221;85a41120-5b65-444b-b776-5f49421e51b5&#8243; text_orientation=&#8221;center&#8221; global_colors_info=&#8221;{}&#8221;]<\/p>\n<p>N\u00e4k\u00f6kulman vaihtuessa todellisuus n\u00e4ytt\u00e4ytyy eri valossa. Jumit voivat avautuvat.<\/p>\n<p>[\/et_pb_text][\/et_pb_column][et_pb_column type=&#8221;1_3&#8243; _builder_version=&#8221;4.22.1&#8243; _module_preset=&#8221;default&#8221; global_colors_info=&#8221;{}&#8221;][et_pb_blurb image_icon_background_color=&#8221;gcid-0a41bebc-0107-48f7-8173-6190cad71074&#8243; image=&#8221;http:\/\/www.uusinakyma.fi\/wp-content\/uploads\/2024\/06\/voima.png&#8221; _builder_version=&#8221;4.25.2&#8243; _module_preset=&#8221;9be96a6b-35b6-485f-8c85-fffd500998ff&#8221; custom_margin=&#8221;||0px||false|false&#8221; locked=&#8221;off&#8221; global_colors_info=&#8221;{%22gcid-0a41bebc-0107-48f7-8173-6190cad71074%22:%91%22image_icon_background_color%22%93}&#8221;][\/et_pb_blurb][et_pb_text _builder_version=&#8221;4.25.2&#8243; _module_preset=&#8221;2122b275-0e9c-4967-ba51-4b911a9489c4&#8243; text_orientation=&#8221;center&#8221; custom_margin=&#8221;||10px||false|false&#8221; global_colors_info=&#8221;{}&#8221;]<\/p>\n<h4>voimaa<\/h4>\n<p>[\/et_pb_text][et_pb_text _builder_version=&#8221;4.27.2&#8243; _module_preset=&#8221;85a41120-5b65-444b-b776-5f49421e51b5&#8243; text_orientation=&#8221;center&#8221; global_colors_info=&#8221;{}&#8221;]<\/p>\n<p>Saatat l\u00f6yt\u00e4\u00e4 voimavaroja, jotka alkavat saamansa huomion ansiosta yh\u00e4 vain kasvaa.<\/p>\n<p>[\/et_pb_text][\/et_pb_column][\/et_pb_row][\/et_pb_section][et_pb_section fb_built=&#8221;1&#8243; admin_label=&#8221;Call to Action&#8221; _builder_version=&#8221;4.22.1&#8243; _module_preset=&#8221;default&#8221; overflow-x=&#8221;hidden&#8221; overflow-y=&#8221;hidden&#8221; locked=&#8221;off&#8221; collapsed=&#8221;on&#8221; global_colors_info=&#8221;{}&#8221;][et_pb_row column_structure=&#8221;1_4,3_4&#8243; custom_padding_last_edited=&#8221;on|tablet&#8221; _builder_version=&#8221;4.22.1&#8243; _module_preset=&#8221;default&#8221; custom_padding_tablet=&#8221;||0px||false|false&#8221; custom_padding_phone=&#8221;||0px||false|false&#8221; global_colors_info=&#8221;{}&#8221;][et_pb_column type=&#8221;1_4&#8243; _builder_version=&#8221;4.22.1&#8243; _module_preset=&#8221;default&#8221; global_colors_info=&#8221;{}&#8221;][\/et_pb_column][et_pb_column type=&#8221;3_4&#8243; _builder_version=&#8221;4.22.1&#8243; _module_preset=&#8221;default&#8221; global_colors_info=&#8221;{}&#8221;][et_pb_image src=&#8221;http:\/\/www.uusinakyma.fi\/wp-content\/uploads\/2024\/10\/sumu16-9-1024&#215;975.jpg&#8221; title_text=&#8221;sumu16&#8243; _builder_version=&#8221;4.27.2&#8243; _module_preset=&#8221;default&#8221; custom_margin=&#8221;|-20%|-40%||false|false&#8221; custom_margin_tablet=&#8221;|0%|0%||false|false&#8221; custom_margin_phone=&#8221;|0%|0%||false|false&#8221; custom_margin_last_edited=&#8221;on|tablet&#8221; scroll_horizontal_motion_enable=&#8221;on&#8221; scroll_horizontal_motion=&#8221;0|50|50|100|-0.5|0|0.5&#8243; global_colors_info=&#8221;{}&#8221;][\/et_pb_image][\/et_pb_column][\/et_pb_row][et_pb_row column_structure=&#8221;2_3,1_3&#8243; _builder_version=&#8221;4.22.1&#8243; _module_preset=&#8221;default&#8221; global_colors_info=&#8221;{}&#8221;][et_pb_column type=&#8221;2_3&#8243; _builder_version=&#8221;4.22.1&#8243; _module_preset=&#8221;default&#8221; background_color=&#8221;gcid-0a41bebc-0107-48f7-8173-6190cad71074&#8243; custom_padding=&#8221;40px|40px|40px|40px|true|true&#8221; custom_padding_tablet=&#8221;30px|30px|30px|30px|true|true&#8221; custom_padding_phone=&#8221;20px|20px|20px|20px|true|true&#8221; custom_padding_last_edited=&#8221;on|desktop&#8221; global_colors_info=&#8221;{%22gcid-0a41bebc-0107-48f7-8173-6190cad71074%22:%91%22background_color%22%93}&#8221;][et_pb_text _builder_version=&#8221;4.22.1&#8243; _module_preset=&#8221;50667064-cd15-4014-b19b-328db0bde9f0&#8243; header_2_text_color=&#8221;#000000&#8243; custom_margin=&#8221;||10px||false|false&#8221; locked=&#8221;off&#8221; global_colors_info=&#8221;{}&#8221;]<\/p>\n<h2>Seuraava walk in et\u00e4n\u00e4 3.9.2025 klo 8-21!<\/h2>\n<p>[\/et_pb_text][et_pb_text _builder_version=&#8221;4.27.3&#8243; _module_preset=&#8221;85a41120-5b65-444b-b776-5f49421e51b5&#8243; text_text_color=&#8221;#000000&#8243; hover_enabled=&#8221;0&#8243; locked=&#8221;off&#8221; global_colors_info=&#8221;{}&#8221; sticky_enabled=&#8221;0&#8243;]<\/p>\n<p>Terapia tapahtuu Zoom-yhteyden avulla ja oman tapaamisesi kellonaika sovitaan etuk\u00e4teen.<\/p>\n<p><span style=\"font-size: medium;\"><strong>HINTA: 65 euroa \/ 60 minuuttia.<\/strong><\/span><\/p>\n<p>P\u00e4iv\u00e4\u00e4n mahtuu viisi tapaamista ja ilmoittautuminen p\u00e4\u00e4ttyy paikkojen t\u00e4ytytty\u00e4 tai 2.9. Ilmoittaudu l\u00e4hett\u00e4m\u00e4ll\u00e4 numeroon <em><strong>044-3289004<\/strong><\/em> tekstiviesti, joka sis\u00e4lt\u00e4\u00e4 seuraavat tiedot:<\/p>\n<ul>\n<li>Etunimesi<\/li>\n<li>S\u00e4hk\u00f6postiosoitteesi (laskutusta ja Zoom-kutsua varten)<\/li>\n<li>Toivomasi kellonaika v\u00e4lill\u00e4 8.00-21.00.<\/li>\n<\/ul>\n<p>Saat vastauksena varausvahvistuksen tai ehdotuksen kellonajan siirrosta, sek\u00e4 pienen her\u00e4ttelykysymyksen, johon toivon sinun etuk\u00e4teen pohtivan vastausta.<\/p>\n<p>L\u00e4mpim\u00e4sti tervetuloa!<\/p>\n<p>[\/et_pb_text][et_pb_button button_url=&#8221;https:\/\/www.uusinakyma.fi\/index.php\/yhteystiedot-2\/&#8221; button_text=&#8221;Kysy lis\u00e4\u00e4&#8221; _builder_version=&#8221;4.27.3&#8243; _module_preset=&#8221;6e2b28fc-8966-49f5-b1e0-230aa48ccea4&#8243; locked=&#8221;off&#8221; global_colors_info=&#8221;{}&#8221;][\/et_pb_button][\/et_pb_column][et_pb_column type=&#8221;1_3&#8243; _builder_version=&#8221;4.22.1&#8243; _module_preset=&#8221;default&#8221; global_colors_info=&#8221;{}&#8221;][\/et_pb_column][\/et_pb_row][\/et_pb_section]<\/p>\n","protected":false},"excerpt":{"rendered":"<p>Walk initWalk in -p\u00e4ivin\u00e4 tarjolla single sessioneja eli kertaterapiaa. Single session -terapian vaikuttavuudesta on jo maailmalla tehty useita tutkimuksia, jotka tukevat huomioita siit\u00e4, ett\u00e4 todellakin: yksi kerta usein riitt\u00e4\u00e4. K\u00e4yt\u00e4n kertaterapiassa huolellisesti valittuja t\u00e4sm\u00e4kysymyksi\u00e4 ja menetelmi\u00e4, joiden tarkoituksena on her\u00e4tt\u00e4\u00e4 ihmisen omat selviytymiskeinot k\u00e4ytt\u00f6\u00f6n. Walk in -ajalta l\u00e4htiess\u00e4 tyypillisesti olo on heti hieman kevyempi ja [&hellip;]<\/p>\n","protected":false},"author":1,"featured_media":0,"parent":0,"menu_order":0,"comment_status":"closed","ping_status":"closed","template":"","meta":{"_et_pb_use_builder":"on","_et_pb_old_content":"","_et_gb_content_width":"","footnotes":""},"_links":{"self":[{"href":"https:\/\/www.uusinakyma.fi\/index.php\/wp-json\/wp\/v2\/pages\/232"}],"collection":[{"href":"https:\/\/www.uusinakyma.fi\/index.php\/wp-json\/wp\/v2\/pages"}],"about":[{"href":"https:\/\/www.uusinakyma.fi\/index.php\/wp-json\/wp\/v2\/types\/page"}],"author":[{"embeddable":true,"href":"https:\/\/www.uusinakyma.fi\/index.php\/wp-json\/wp\/v2\/users\/1"}],"replies":[{"embeddable":true,"href":"https:\/\/www.uusinakyma.fi\/index.php\/wp-json\/wp\/v2\/comments?post=232"}],"version-history":[{"count":43,"href":"https:\/\/www.uusinakyma.fi\/index.php\/wp-json\/wp\/v2\/pages\/232\/revisions"}],"predecessor-version":[{"id":902,"href":"https:\/\/www.uusinakyma.fi\/index.php\/wp-json\/wp\/v2\/pages\/232\/revisions\/902"}],"wp:attachment":[{"href":"https:\/\/www.uusinakyma.fi\/index.php\/wp-json\/wp\/v2\/media?parent=232"}],"curies":[{"name":"wp","href":"https:\/\/api.w.org\/{rel}","templated":true}]}}